{"id":16795,"date":"2023-01-24T11:54:26","date_gmt":"2023-01-24T10:54:26","guid":{"rendered":"https:\/\/foldingfoldable.com\/web\/?page_id=16795"},"modified":"2023-01-25T08:42:07","modified_gmt":"2023-01-25T07:42:07","slug":"ejemplos-de-preguntas-habituales-que-nos-hacen-nuestros-clientes-y-nuestras-respuestas-como-soluciones","status":"publish","type":"page","link":"https:\/\/foldingfoldable.com\/web\/ejemplos-de-preguntas-habituales-que-nos-hacen-nuestros-clientes-y-nuestras-respuestas-como-soluciones\/","title":{"rendered":"Ejemplos de preguntas habituales que nos hacen nuestros clientes y nuestras respuestas como soluciones"},"content":{"rendered":"<p>[et_pb_section fb_built=&#8221;1&#8243; admin_label=&#8221;FAQ&#8221; _builder_version=&#8221;4.16&#8243; _module_preset=&#8221;default&#8221; global_module=&#8221;16524&#8243; saved_tabs=&#8221;all&#8221; locked=&#8221;off&#8221; global_colors_info=&#8221;{}&#8221;][et_pb_row column_structure=&#8221;1_2,1_2&#8243; _builder_version=&#8221;4.16&#8243; _module_preset=&#8221;default&#8221; locked=&#8221;off&#8221; global_colors_info=&#8221;{}&#8221;][et_pb_column type=&#8221;1_2&#8243; _builder_version=&#8221;4.16&#8243; _module_preset=&#8221;default&#8221; global_colors_info=&#8221;{}&#8221;][et_pb_text _builder_version=&#8221;4.19.4&#8243; _module_preset=&#8221;83d94e9b-bff8-4c15-9e33-e7b1a7a21887&#8243; header_2_font=&#8221;Oswald|||on|||||&#8221; header_2_text_align=&#8221;left&#8221; header_2_text_color=&#8221;#000645&#8243; header_2_font_size=&#8221;46px&#8221; header_2_letter_spacing=&#8221;1px&#8221; header_2_line_height=&#8221;1.4em&#8221; header_2_font_size_tablet=&#8221;32px&#8221; header_2_font_size_phone=&#8221;20px&#8221; header_2_font_size_last_edited=&#8221;on|phone&#8221; locked=&#8221;off&#8221; global_colors_info=&#8221;{}&#8221;]<\/p>\n<h2>Ejemplos de preguntas habituales que nos hacen nuestros clientes y nuestras respuestas como soluciones<\/h2>\n<p>[\/et_pb_text][et_pb_toggle title=&#8221;PREGUNTA CLIENTE: Necesito enviar por Internet informaci\u00f3n que ocupa mucho tama\u00f1o y no me lo admite el correo electr\u00f3nico.&#8221; open_toggle_text_color=&#8221;#000645&#8243; open_toggle_background_color=&#8221;#FFFFFF&#8221; closed_toggle_background_color=&#8221;#FFFFFF&#8221; icon_color=&#8221;#fd335a&#8221; open_icon_color=&#8221;#fd335a&#8221; _builder_version=&#8221;4.19.4&#8243; _module_preset=&#8221;default&#8221; title_text_color=&#8221;#000645&#8243; title_font=&#8221;Roboto Mono|500||on|||||&#8221; title_font_size=&#8221;13px&#8221; title_letter_spacing=&#8221;1px&#8221; title_line_height=&#8221;1.3em&#8221; body_font=&#8221;Roboto Mono||||||||&#8221; body_text_color=&#8221;#7f8092&#8243; body_font_size=&#8221;16px&#8221; body_line_height=&#8221;1.5em&#8221; border_width_all=&#8221;0px&#8221; border_width_bottom=&#8221;1px&#8221; border_color_bottom=&#8221;#d9e4e4&#8243; locked=&#8221;off&#8221; global_colors_info=&#8221;{}&#8221;]<\/p>\n<p>RESPUESTA TECNIO: Nosotros te pasamos diferentes opciones gratuitas para hacerlo y te explicaremos paso a paso como hacerlo.<\/p>\n<p>[\/et_pb_toggle][\/et_pb_column][et_pb_column type=&#8221;1_2&#8243; _builder_version=&#8221;4.16&#8243; _module_preset=&#8221;default&#8221; global_colors_info=&#8221;{}&#8221;][et_pb_toggle title=&#8221;PREGUNTA CLIENTE: Me gustar\u00eda buscar un nombre y un dominio adecuado para mi nuevo negocio&#8221; open_toggle_text_color=&#8221;#000645&#8243; open_toggle_background_color=&#8221;#FFFFFF&#8221; closed_toggle_background_color=&#8221;#FFFFFF&#8221; icon_color=&#8221;#fd335a&#8221; open_icon_color=&#8221;#fd335a&#8221; _builder_version=&#8221;4.19.4&#8243; _module_preset=&#8221;default&#8221; title_text_color=&#8221;#000645&#8243; title_font=&#8221;Roboto Mono|500||on|||||&#8221; title_font_size=&#8221;13px&#8221; title_letter_spacing=&#8221;1px&#8221; title_line_height=&#8221;1.3em&#8221; body_font=&#8221;Roboto Mono||||||||&#8221; body_text_color=&#8221;#7f8092&#8243; body_font_size=&#8221;16px&#8221; body_line_height=&#8221;1.5em&#8221; border_width_all=&#8221;0px&#8221; border_width_bottom=&#8221;1px&#8221; border_color_bottom=&#8221;#d9e4e4&#8243; locked=&#8221;off&#8221; global_colors_info=&#8221;{}&#8221;]<\/p>\n<p>RESPUESTA TECNIO: Nos alegramos por tu emprendedur\u00eda, te podemos sugerir seg\u00fan tu \u00e1mbito y gustos diferentes nombres con mucho gancho que seguro te encantar\u00e1n. Los que m\u00e1s te gusten podemos decirte qu\u00e9 dominios est\u00e1n libres y cu\u00e1les ser\u00edan los m\u00e1s adecuados para tu negocio. Incluso podemos comprarlo, ponerlo a tu nombre, configurar los correos y cualquier necesidad m\u00e1s que tengas.<\/p>\n<p>[\/et_pb_toggle][et_pb_toggle title=&#8221;PREGUNTA CLIENTE: Quiero ampliar la promoci\u00f3n que hago de mi empresa \u00bfqu\u00e9 ser\u00eda lo m\u00e1s adecuado y efectivo?&#8221; open_toggle_text_color=&#8221;#000645&#8243; open_toggle_background_color=&#8221;#FFFFFF&#8221; closed_toggle_background_color=&#8221;#FFFFFF&#8221; icon_color=&#8221;#fd335a&#8221; open_icon_color=&#8221;#fd335a&#8221; _builder_version=&#8221;4.19.4&#8243; _module_preset=&#8221;default&#8221; title_text_color=&#8221;#000645&#8243; title_font=&#8221;Roboto Mono|500||on|||||&#8221; title_font_size=&#8221;13px&#8221; title_letter_spacing=&#8221;1px&#8221; title_line_height=&#8221;1.3em&#8221; body_font=&#8221;Roboto Mono||||||||&#8221; body_text_color=&#8221;#7f8092&#8243; body_font_size=&#8221;16px&#8221; body_line_height=&#8221;1.5em&#8221; border_width_all=&#8221;0px&#8221; border_width_bottom=&#8221;1px&#8221; border_color_bottom=&#8221;#d9e4e4&#8243; locked=&#8221;off&#8221; global_colors_info=&#8221;{}&#8221;]<\/p>\n<p>RESPUESTA TECNIO: Como opci\u00f3n gratuita te sugerimos seg\u00fan tu tipo de negocio crear un perfil de Instagram o un TikTok y mirar de hacer publicaciones peri\u00f3dicamente para captar nuevos clientes. Como opci\u00f3n de pago y si tienes web te sugerimos hacer una campa\u00f1a de Google Ads o poner publicidad en Instagram o TikTok. Cualquiera de las soluciones que elijas si lo deseas nosotros la creamos y configuramos todo de la forma m\u00e1s adecuada.<\/p>\n<p>[\/et_pb_toggle][et_pb_toggle title=&#8221;PREGUNTA CLIENTE: Tengo que hacer una hoja de excel de cierta complejidad que haga c\u00e1lculos en diferentes celdas y no s\u00e9 utilizar esta herramienta.&#8221; open_toggle_text_color=&#8221;#000645&#8243; open_toggle_background_color=&#8221;#FFFFFF&#8221; closed_toggle_background_color=&#8221;#FFFFFF&#8221; icon_color=&#8221;#fd335a&#8221; open_icon_color=&#8221;#fd335a&#8221; _builder_version=&#8221;4.19.4&#8243; _module_preset=&#8221;default&#8221; title_text_color=&#8221;#000645&#8243; title_font=&#8221;Roboto Mono|500||on|||||&#8221; title_font_size=&#8221;13px&#8221; title_letter_spacing=&#8221;1px&#8221; title_line_height=&#8221;1.3em&#8221; body_font=&#8221;Roboto Mono||||||||&#8221; body_text_color=&#8221;#7f8092&#8243; body_font_size=&#8221;16px&#8221; body_line_height=&#8221;1.5em&#8221; border_width_all=&#8221;0px&#8221; border_width_bottom=&#8221;1px&#8221; border_color_bottom=&#8221;#d9e4e4&#8243; locked=&#8221;off&#8221; global_colors_info=&#8221;{}&#8221;]<\/p>\n<p>RESPUESTA TECNIO: Nosotros te podemos decir las f\u00f3rmulas que debes poner en cada sitio. Si lo deseas te podemos hacer todo el excel.<\/p>\n<p>[\/et_pb_toggle][et_pb_toggle title=&#8221;PREGUNTA CLIENTE: Mi tienda de comercio electr\u00f3nico no funciona bien, va lenta y la gente no compra en ella \u00bfC\u00f3mo podr\u00eda mejorarla?&#8221; open_toggle_text_color=&#8221;#000645&#8243; open_toggle_background_color=&#8221;#FFFFFF&#8221; closed_toggle_background_color=&#8221;#FFFFFF&#8221; icon_color=&#8221;#fd335a&#8221; open_icon_color=&#8221;#fd335a&#8221; _builder_version=&#8221;4.19.4&#8243; _module_preset=&#8221;default&#8221; title_text_color=&#8221;#000645&#8243; title_font=&#8221;Roboto Mono|500||on|||||&#8221; title_font_size=&#8221;13px&#8221; title_letter_spacing=&#8221;1px&#8221; title_line_height=&#8221;1.3em&#8221; body_font=&#8221;Roboto Mono||||||||&#8221; body_text_color=&#8221;#7f8092&#8243; body_font_size=&#8221;16px&#8221; body_line_height=&#8221;1.5em&#8221; border_width_all=&#8221;0px&#8221; border_width_bottom=&#8221;1px&#8221; border_color_bottom=&#8221;#d9e4e4&#8243; locked=&#8221;off&#8221; global_colors_info=&#8221;{}&#8221;]<\/p>\n<p>RESPUESTA TECNIO: Despu\u00e9s de que nos hayas enviado la direcci\u00f3n de la misma te la podemos revisar y decir cuales s\u00f3n los principales problemas que tiene. Si lo deseas podemos mirar de mejorarla nosotros mismos.<\/p>\n<p>[\/et_pb_toggle][\/et_pb_column][\/et_pb_row][\/et_pb_section][et_pb_section fb_built=&#8221;1&#8243; _builder_version=&#8221;4.16&#8243; _module_preset=&#8221;default&#8221; background_enable_image=&#8221;off&#8221; global_module=&#8221;16514&#8243; saved_tabs=&#8221;all&#8221; global_colors_info=&#8221;{}&#8221;][et_pb_row column_structure=&#8221;1_4,1_4,1_4,1_4&#8243; _builder_version=&#8221;4.16&#8243; _module_preset=&#8221;default&#8221; global_colors_info=&#8221;{}&#8221;][et_pb_column type=&#8221;1_4&#8243; _builder_version=&#8221;4.16&#8243; _module_preset=&#8221;default&#8221; global_colors_info=&#8221;{}&#8221;][et_pb_text _builder_version=&#8221;4.19.4&#8243; _module_preset=&#8221;0874a7ef-fda6-4460-964c-06187d4d2262&#8243; header_4_font=&#8221;Oswald|||on|||||&#8221; header_4_text_color=&#8221;#FFFFFF&#8221; header_4_font_size=&#8221;12px&#8221; background_color=&#8221;#000000&#8243; custom_margin=&#8221;||10px||false|false&#8221; custom_padding=&#8221;8px|10px||10px|false|true&#8221; locked=&#8221;off&#8221; global_colors_info=&#8221;{}&#8221;]<\/p>\n<h4>TECNIO<\/h4>\n<p>[\/et_pb_text][et_pb_text _builder_version=&#8221;4.19.4&#8243; _module_preset=&#8221;484d2cfc-5d7f-4741-92db-06bcac696713&#8243; text_font=&#8221;Roboto Mono||||||||&#8221; text_font_size=&#8221;11px&#8221; text_line_height=&#8221;1.8em&#8221; link_text_color=&#8221;#000000&#8243; max_width=&#8221;800px&#8221; text_font_size_tablet=&#8221;15px&#8221; text_font_size_phone=&#8221;14px&#8221; text_font_size_last_edited=&#8221;off|desktop&#8221; global_colors_info=&#8221;{}&#8221;]<\/p>\n<p><a href=\"https:\/\/foldingfoldable.com\/web\/como-funciona\/\">C\u00f3mo funciona<\/a><\/p>\n<p><a href=\"https:\/\/foldingfoldable.com\/web\/formulario-asesoramiento-ayuda-soporte-online\/?wpsc-section=new-ticket\">Haz tu consulta<\/a><\/p>\n<p><a href=\"https:\/\/foldingfoldable.com\/web\/planes-de-soporte\/\">Planes de soporte<\/a><\/p>\n<p><a href=\"https:\/\/foldingfoldable.com\/web\/tematicas-que-damos-soporte\/\">Tem\u00e1ticas que damos soporte<\/a><a href=\"#\"><\/a><\/p>\n<p>[\/et_pb_text][\/et_pb_column][et_pb_column type=&#8221;1_4&#8243; _builder_version=&#8221;4.16&#8243; _module_preset=&#8221;default&#8221; global_colors_info=&#8221;{}&#8221;][et_pb_text _builder_version=&#8221;4.19.4&#8243; _module_preset=&#8221;0874a7ef-fda6-4460-964c-06187d4d2262&#8243; header_4_font=&#8221;Oswald|||on|||||&#8221; header_4_text_color=&#8221;#FFFFFF&#8221; header_4_font_size=&#8221;12px&#8221; background_color=&#8221;#000000&#8243; custom_margin=&#8221;||10px||false|false&#8221; custom_padding=&#8221;8px|10px||10px|false|true&#8221; locked=&#8221;off&#8221; global_colors_info=&#8221;{}&#8221;]<\/p>\n<h4>Funcionamiento<\/h4>\n<p>[\/et_pb_text][et_pb_text _builder_version=&#8221;4.19.4&#8243; _module_preset=&#8221;484d2cfc-5d7f-4741-92db-06bcac696713&#8243; text_font=&#8221;Roboto Mono||||||||&#8221; text_font_size=&#8221;11px&#8221; text_line_height=&#8221;1.8em&#8221; link_text_color=&#8221;#000000&#8243; max_width=&#8221;800px&#8221; text_font_size_tablet=&#8221;15px&#8221; text_font_size_phone=&#8221;14px&#8221; text_font_size_last_edited=&#8221;off|tablet&#8221; locked=&#8221;off&#8221; global_colors_info=&#8221;{}&#8221;]<\/p>\n<p><a href=\"https:\/\/foldingfoldable.com\/web\/pasos\/\">Pasos<\/a><\/p>\n<p><a href=\"https:\/\/foldingfoldable.com\/web\/que-soluciones-te-puede-ofrecer-tecnio\/\">Qu\u00e9 soluciones te puede ofrecer Tecnio<\/a><\/p>\n<p><a href=\"https:\/\/foldingfoldable.com\/web\/que-es-tecnio-explicacion\/\">\u00bfQu\u00e9 es Tecnio?<\/a><\/p>\n<p><a href=\"https:\/\/foldingfoldable.com\/web\/pixia-diseno-paginas-web-redes-sociales-seo-marketing-digital-apps-diseno-grafico-comercio-electronico-imagen-corporativa-seo-posicionamiento\/\">Pixia nuestra marca experta en Internet, marketing y dise\u00f1o<\/a><\/p>\n<p><a href=\"https:\/\/foldingfoldable.com\/web\/ejemplos-de-preguntas-habituales-que-nos-hacen-nuestros-clientes-y-nuestras-respuestas-como-soluciones\/\">Ejemplos de preguntas habituales que nos hacen nuestros clientes y nuestras respuestas como soluciones<\/a><\/p>\n<p>[\/et_pb_text][\/et_pb_column][et_pb_column type=&#8221;1_4&#8243; _builder_version=&#8221;4.16&#8243; _module_preset=&#8221;default&#8221; global_colors_info=&#8221;{}&#8221;][et_pb_text _builder_version=&#8221;4.19.4&#8243; _module_preset=&#8221;0874a7ef-fda6-4460-964c-06187d4d2262&#8243; header_4_font=&#8221;Oswald|||on|||||&#8221; header_4_text_color=&#8221;#FFFFFF&#8221; header_4_font_size=&#8221;12px&#8221; background_color=&#8221;#000000&#8243; custom_margin=&#8221;||10px||false|false&#8221; custom_padding=&#8221;8px|10px||10px|false|true&#8221; locked=&#8221;off&#8221; global_colors_info=&#8221;{}&#8221;]<\/p>\n<h4>Mi cuenta<\/h4>\n<p>[\/et_pb_text][et_pb_text _builder_version=&#8221;4.19.4&#8243; _module_preset=&#8221;484d2cfc-5d7f-4741-92db-06bcac696713&#8243; text_font=&#8221;Roboto Mono||||||||&#8221; text_font_size=&#8221;11px&#8221; text_line_height=&#8221;1.8em&#8221; link_text_color=&#8221;#000000&#8243; max_width=&#8221;800px&#8221; text_font_size_tablet=&#8221;15px&#8221; text_font_size_phone=&#8221;14px&#8221; text_font_size_last_edited=&#8221;off|tablet&#8221; locked=&#8221;off&#8221; global_colors_info=&#8221;{}&#8221;]<\/p>\n<p><a href=\"https:\/\/foldingfoldable.com\/web\/registro-de-usuario\/\">Registro de usuario<\/a><\/p>\n<p><a href=\"https:\/\/foldingfoldable.com\/web\/formulario-asesoramiento-ayuda-soporte-online\/?wpsc-section=ticket-list\">Mis consultas<\/a><\/p>\n<p><a href=\"https:\/\/foldingfoldable.com\/web\/mi-cuenta\/\">Detalle de mi cuenta<\/a><\/p>\n<p><a href=\"https:\/\/foldingfoldable.com\/web\/mi-cuenta\/\">Gesti\u00f3n de tickets<\/a><\/p>\n<p><a href=\"https:\/\/foldingfoldable.com\/web\/wp-login.php?action=logout&amp;redirect_to=https%3A%2F%2Ffoldingfoldable.com%2Fweb%2Fcomo-funciona%2F&amp;_wpnonce=b577f56933\">Salir<\/a><a href=\"#\"><\/a>\u00a0<\/p>\n<p>[\/et_pb_text][\/et_pb_column][et_pb_column type=&#8221;1_4&#8243; _builder_version=&#8221;4.16&#8243; _module_preset=&#8221;default&#8221; global_colors_info=&#8221;{}&#8221;][et_pb_signup mailchimp_list=&#8221;elegantthemestest|1ea2bbd026&#8243; _builder_version=&#8221;4.16&#8243; _module_preset=&#8221;default&#8221; form_field_background_color=&#8221;RGBA(255,255,255,0)&#8221; form_field_text_color=&#8221;#000000&#8243; form_field_custom_padding=&#8221;0px|0px|6px|0px|false|true&#8221; form_field_font=&#8221;Roboto Mono||||||||&#8221; form_field_font_size=&#8221;12px&#8221; use_background_color=&#8221;off&#8221; custom_button=&#8221;on&#8221; button_text_size=&#8221;13px&#8221; button_text_color=&#8221;#FFFFFF&#8221; button_bg_color=&#8221;#000000&#8243; button_border_width=&#8221;0px&#8221; button_border_radius=&#8221;0px&#8221; button_letter_spacing=&#8221;1px&#8221; button_font=&#8221;Oswald|||on|||||&#8221; button_custom_padding=&#8221;12px||12px||true|false&#8221; border_radii_fields=&#8221;on|0px|0px|0px|0px&#8221; border_width_bottom_fields=&#8221;1px&#8221; global_colors_info=&#8221;{}&#8221;][\/et_pb_signup][\/et_pb_column][\/et_pb_row][et_pb_row column_structure=&#8221;1_4,1_4,1_4,1_4&#8243; _builder_version=&#8221;4.16&#8243; _module_preset=&#8221;default&#8221; global_colors_info=&#8221;{}&#8221;][et_pb_column type=&#8221;1_4&#8243; _builder_version=&#8221;4.16&#8243; _module_preset=&#8221;default&#8221; global_colors_info=&#8221;{}&#8221;][et_pb_text _builder_version=&#8221;4.19.4&#8243; _module_preset=&#8221;a8409e17-25cb-454e-bc3b-ac1717bd963d&#8221; header_font=&#8221;||||||||&#8221; header_3_font=&#8221;Oswald|||on|||||&#8221; header_3_text_color=&#8221;#000645&#8243; header_3_font_size=&#8221;26px&#8221; header_3_letter_spacing=&#8221;1px&#8221; header_3_line_height=&#8221;1.4em&#8221; header_3_font_size_tablet=&#8221;20px&#8221; header_3_font_size_phone=&#8221;16px&#8221; header_3_font_size_last_edited=&#8221;on|phone&#8221; global_colors_info=&#8221;{}&#8221;]<\/p>\n<h3>\u00bfTienes alguna duda?<\/h3>\n<p>[\/et_pb_text][\/et_pb_column][et_pb_column type=&#8221;1_4&#8243; _builder_version=&#8221;4.16&#8243; _module_preset=&#8221;default&#8221; global_colors_info=&#8221;{}&#8221;][et_pb_blurb title=&#8221;info@tecnio.es&#8221; url_new_window=&#8221;on&#8221; use_icon=&#8221;on&#8221; font_icon=&#8221;&#xe076;||divi||400&#8243; icon_color=&#8221;#d0d3d9&#8243; icon_placement=&#8221;left&#8221; image_icon_width=&#8221;25px&#8221; _builder_version=&#8221;4.19.4&#8243; _module_preset=&#8221;default&#8221; header_font=&#8221;Roboto Mono|500||on|||||&#8221; header_text_color=&#8221;#8083a2&#8243; header_font_size=&#8221;12px&#8221; header_letter_spacing=&#8221;1px&#8221; header_line_height=&#8221;2em&#8221; body_font=&#8221;Oswald|||on|||||&#8221; body_text_color=&#8221;#000000&#8243; body_letter_spacing=&#8221;1px&#8221; body_line_height=&#8221;1.4em&#8221; text_orientation=&#8221;center&#8221; animation=&#8221;off&#8221; link_option_url=&#8221;mailto: info@tecnio.es&#8221; icon_font_size=&#8221;25px&#8221; use_circle=&#8221;off&#8221; circle_color=&#8221;#faf8f4&#8243; global_colors_info=&#8221;{}&#8221;][\/et_pb_blurb][\/et_pb_column][et_pb_column type=&#8221;1_4&#8243; _builder_version=&#8221;4.16&#8243; _module_preset=&#8221;default&#8221; global_colors_info=&#8221;{}&#8221;][et_pb_blurb title=&#8221;255 352-6258&#8243; use_icon=&#8221;on&#8221; font_icon=&#8221;&#xe090;||divi||400&#8243; icon_color=&#8221;#d0d3d9&#8243; icon_placement=&#8221;left&#8221; image_icon_width=&#8221;25px&#8221; _builder_version=&#8221;4.16&#8243; _module_preset=&#8221;default&#8221; header_font=&#8221;Roboto Mono|500||on|||||&#8221; header_text_color=&#8221;#8083a2&#8243; header_font_size=&#8221;12px&#8221; header_letter_spacing=&#8221;1px&#8221; header_line_height=&#8221;2em&#8221; body_font=&#8221;Oswald|||on|||||&#8221; body_text_color=&#8221;#000000&#8243; body_letter_spacing=&#8221;1px&#8221; body_line_height=&#8221;1.4em&#8221; animation=&#8221;off&#8221; icon_font_size=&#8221;25px&#8221; use_circle=&#8221;off&#8221; circle_color=&#8221;#faf8f4&#8243; locked=&#8221;off&#8221; global_colors_info=&#8221;{}&#8221;][\/et_pb_blurb][\/et_pb_column][et_pb_column type=&#8221;1_4&#8243; _builder_version=&#8221;4.16&#8243; _module_preset=&#8221;default&#8221; global_colors_info=&#8221;{}&#8221;][et_pb_social_media_follow _builder_version=&#8221;4.16&#8243; _module_preset=&#8221;default&#8221; global_colors_info=&#8221;{}&#8221;][et_pb_social_media_follow_network social_network=&#8221;facebook&#8221; icon_color=&#8221;#4553e8&#8243; _builder_version=&#8221;4.16&#8243; _module_preset=&#8221;default&#8221; background_color=&#8221;#e7eaff&#8221; background_enable_color=&#8221;on&#8221; custom_padding=&#8221;||||false|false&#8221; border_radii=&#8221;on|50px|50px|50px|50px&#8221; global_colors_info=&#8221;{}&#8221; follow_button=&#8221;off&#8221; url_new_window=&#8221;on&#8221;]facebook[\/et_pb_social_media_follow_network][et_pb_social_media_follow_network social_network=&#8221;twitter&#8221; icon_color=&#8221;#359f9e&#8221; _builder_version=&#8221;4.16&#8243; _module_preset=&#8221;default&#8221; background_color=&#8221;#d2e9e8&#8243; background_enable_color=&#8221;on&#8221; custom_padding=&#8221;||||false|false&#8221; border_radii=&#8221;on|50px|50px|50px|50px&#8221; global_colors_info=&#8221;{}&#8221; follow_button=&#8221;off&#8221; url_new_window=&#8221;on&#8221;]twitter[\/et_pb_social_media_follow_network][et_pb_social_media_follow_network social_network=&#8221;youtube&#8221; icon_color=&#8221;#f5230b&#8221; _builder_version=&#8221;4.16&#8243; _module_preset=&#8221;default&#8221; background_color=&#8221;#ffceca&#8221; background_enable_color=&#8221;on&#8221; custom_padding=&#8221;||||false|false&#8221; border_radii=&#8221;on|50px|50px|50px|50px&#8221; global_colors_info=&#8221;{}&#8221; follow_button=&#8221;off&#8221; url_new_window=&#8221;on&#8221;]youtube[\/et_pb_social_media_follow_network][\/et_pb_social_media_follow][\/et_pb_column][\/et_pb_row][\/et_pb_section]<\/p>\n","protected":false},"excerpt":{"rendered":"<p>Ejemplos de preguntas habituales que nos hacen nuestros clientes y nuestras respuestas como solucionesRESPUESTA TECNIO: Nosotros te pasamos diferentes opciones gratuitas para hacerlo y te explicaremos paso a paso como hacerlo.RESPUESTA TECNIO: Nos alegramos por tu emprendedur\u00eda, te podemos sugerir seg\u00fan tu \u00e1mbito y gustos diferentes nombres con mucho gancho que seguro te encantar\u00e1n. Los [&hellip;]<\/p>\n","protected":false},"author":2,"featured_media":0,"parent":0,"menu_order":0,"comment_status":"closed","ping_status":"closed","template":"","meta":{"_et_pb_use_builder":"on","_et_pb_old_content":"","_et_gb_content_width":"","pmpro_default_level":"","footnotes":""},"categories":[],"tags":[],"class_list":["post-16795","page","type-page","status-publish","hentry","pmpro-has-access"],"_links":{"self":[{"href":"https:\/\/foldingfoldable.com\/web\/wp-json\/wp\/v2\/pages\/16795","targetHints":{"allow":["GET"]}}],"collection":[{"href":"https:\/\/foldingfoldable.com\/web\/wp-json\/wp\/v2\/pages"}],"about":[{"href":"https:\/\/foldingfoldable.com\/web\/wp-json\/wp\/v2\/types\/page"}],"author":[{"embeddable":true,"href":"https:\/\/foldingfoldable.com\/web\/wp-json\/wp\/v2\/users\/2"}],"replies":[{"embeddable":true,"href":"https:\/\/foldingfoldable.com\/web\/wp-json\/wp\/v2\/comments?post=16795"}],"version-history":[{"count":5,"href":"https:\/\/foldingfoldable.com\/web\/wp-json\/wp\/v2\/pages\/16795\/revisions"}],"predecessor-version":[{"id":16840,"href":"https:\/\/foldingfoldable.com\/web\/wp-json\/wp\/v2\/pages\/16795\/revisions\/16840"}],"wp:attachment":[{"href":"https:\/\/foldingfoldable.com\/web\/wp-json\/wp\/v2\/media?parent=16795"}],"wp:term":[{"taxonomy":"category","embeddable":true,"href":"https:\/\/foldingfoldable.com\/web\/wp-json\/wp\/v2\/categories?post=16795"},{"taxonomy":"post_tag","embeddable":true,"href":"https:\/\/foldingfoldable.com\/web\/wp-json\/wp\/v2\/tags?post=16795"}],"curies":[{"name":"wp","href":"https:\/\/api.w.org\/{rel}","templated":true}]}}